 Suppose -4*p + d = -0*p. Let o(y) = y**2 - 2 - 2*y**p + 6 + 3*y**2 + y**3 + y. Give o(-3).
-8
Suppose -3*z + 50 = 62. Suppose 3*i + 5*m - 30 = -2*i, -2*m + 6 = 0. Let b(y) = 5*y**2 + 3*y**3 + 3*y + 2 + y - 2*y**i. Calculate b(z).
2
Let i be (18/12)/(1/4). Let x(m) = -m**2 + 5*m + 2. What is x(i)?
-4
Let z = -10 - -8. Let b(g) = -g**2 - 1 + 4 + 3 - 5. Determine b(z).
-3
Suppose 2*f - 5 = m - 16, -4*f = 2*m + 2. Let t(l) = -l**2 - 4*l - 3. Give t(f).
0
Let p(z) = 2 + 6 - 3*z + 2*z. Suppose 0*x - 5*x = 0. Suppose 4*c + 0*c = x. Determine p(c).
8
Let l(j) = -j**3 + 6*j**2 + 6*j + 8. Let z be l(7). Suppose 0 = 2*c + z + 3. Let m = 4 + c. Let v(a) = a + 2. Determine v(m).
4
Let w(l) = -l + 4. Suppose 4*i = -2*f - 12, f + 3*f = i + 21. Determine w(i).
9
Let a(s) = s**3 + 15*s**2 - 15*s + 20. Let m be a(-16). Let v(n) = 5*n**2 - 2*n**3 - 3*n - 5 + 4*n + n**3 + m*n. What is v(6)?
-11
Let d(v) = 3*v**2 - 7*v + 4. Let a(x) = 4*x**2 - 8*x + 5. Let o(j) = 4*a(j) - 5*d(j). Let w be (-8)/20 + (-18)/5. Give o(w).
4
Let k(f) be the third derivative of f**5/60 - f**4/8 - 5*f**3/6 - 9*f**2. Let x = 7 - 1. Determine k(x).
13
Let o(v) be the second derivative of -v**4/3 + 2*v**3/3 - v**2 + 18*v. Determine o(3).
-26
Let s(q) = 36*q**2 + 2*q**3 + 28*q**2 - 63*q**2 - q. Calculate s(1).
2
Suppose -4*o = 3*h + 29, 10 = -5*o + 3*o. Let x(n) = n**2 + 2*n - 2. Calculate x(h).
1
Let p(x) = -x**2 + 4*x + 3. Let v = 27 - 14. Let h = -9 + v. Calculate p(h).
3
Let z(a) = -a**3 + 4*a**2 + 4*a + 1. Let q(c) = -4*c**2 - 1. Let t be q(-1). Let j = t - -10. Determine z(j).
-4
Let h(m) = m + 2. Let i be 4 - 9/(27/(-6)). Determine h(i).
8
Let q(c) = 2 - c + 7*c - 7*c. Give q(0).
2
Let o be 2*1*(-2)/(-1). Suppose -3*f + 7*f = o*a, -3*f - a = 12. Let h(u) = u + 2 - 2 - 1. What is h(f)?
-4
Let k be (-3 + 0)/(5/5). Let j(m) = 4*m**2 - 2 - 2*m + 0*m - 5*m**2. Determine j(k).
-5
Suppose -s = 0, 3*s = -f + 8*s + 3. Let w(d) = -d - 4. Determine w(f).
-7
Let r(t) = t. Let b(h) = h**3 + 6*h - 6. Let p(c) = b(c) - 5*r(c). Suppose -9*i = -5*i + 36. Let s = i + 9. Calculate p(s).
-6
Let p(a) = a - 3*a**3 + 3*a**2 + 3 + 4*a**3 + 2*a. Let i be p(-3). Let h(q) = q**2 + 5*q + 1. Determine h(i).
7
Suppose -4 = -4*u - 3*y + 8*y, -u - 5*y = 24. Let v = u + 5. Let r(z) = 4*z**2 - 1. What is r(v)?
3
Let l(z) = 7*z**2 + 1. Let s = -93 + 94. Determine l(s).
8
Let n(b) = -b**2 + b - 1. Let m(h) = h - 1. Let s be m(-5). Let x = s - -12. Suppose l = x*l. What is n(l)?
-1
Let n(w) be the third derivative of 0 - 1/24*w**4 + 7/6*w**3 + 2*w**2 + 0*w. Let b(l) = -2*l + 11. Let x(c) = -5*b(c) + 8*n(c). Calculate x(3).
7
Let a be (-18 + 16)/((-1)/(-1)). Let m(x) = -4*x**3 - 7*x**2 - 4*x + 1. Let d(y) = -y**3 - y**2 + 1. Let r(i) = -3*d(i) + m(i). Give r(a).
-2
Let t be (-9)/6*(1 - 3). Let u(m) = -4 + 0*m + 4*m - 3*m. Determine u(t).
-1
Let u(g) = 12*g - 7. Let h(w) = -11*w + 6. Let r(q) = -5*q**3. Let t be r(1). Let l(b) = t*u(b) - 6*h(b). What is l(1)?
5
Let q(k) = 3*k**2 + 2*k - 7. Let g(m) = 2*m**2 + 3*m - 6. Let f(a) = 4*g(a) - 3*q(a). Give f(6).
-3
Let m = -25 - -43. Suppose -4*l - 3*x + 11 = 0, 5*l - x = 2*l + m. Let g(v) = -l - v**3 - 2*v + v - 4*v**2 + 0. Determine g(-4).
-1
Let j(u) = -u**3 + 3*u**2 - 8*u + 8. Let i(x) = -2*x**3 + 6*x**2 - 15*x + 15. Let p be 6/(-4) - (-15)/2. Let g(h) = p*i(h) - 11*j(h). Give g(3).
-4
Let z(l) = 2*l + 3. Let n be -5*1*(-3)/5. Suppose -2 - n = t. Give z(t).
-7
Let o(c) = 6 + 2*c**3 + 2*c - c**3 - 2*c**3 - 5*c**2. Let h(v) = 2*v + 25. Let y be h(-15). Determine o(y).
-4
Let n be (-1 + 5)*10/(-8). Let q(f) = -4*f - 6. Calculate q(n).
14
Let j(w) = -1 + 2*w + 2*w**2 - 4*w - 3*w**2 - 2*w**2. Let f be j(-1). Let i(g) = -g**3 - 3*g**2 - 4*g - 2. Give i(f).
2
Let r(s) = s**2 - 2*s - 3. Let b be r(3). Let v(z) be the first derivative of -z**2/2 + 5*z - 1. Determine v(b).
5
Let w(g) be the second derivative of 0 + 0*g**3 + 1/20*g**5 - g - g**2 - 1/12*g**4. Let c be w(0). Let p(h) = -h**2 - 5*h - 1. Give p(c).
5
Suppose 0 = 4*r + 5*y + 72, 4*r - 3*y + 11 = -29. Let j = -19 - r. Let b(w) be the second derivative of -w**3/3 - 4*w**2 + 2*w. What is b(j)?
4
Suppose 0 = -6*q + 2*q + 4*h, -8 = -q - 3*h. Let x(z) be the first derivative of z**2/2 - z - 2. Calculate x(q).
1
Let a(c) be the first derivative of 2*c + 1/3*c**3 - 11 + 2*c**2. Give a(-5).
7
Let u(l) = -8 - 3*l - 2*l + 6*l. Calculate u(4).
-4
Suppose 0 = 3*z - 3*w - 9, -z - z = w - 6. Let j(y) = y + 2. Let n(c) = -c - 2. Let l(a) = z*j(a) + 4*n(a). Determine l(-6).
4
Let k(y) be the first derivative of 4*y**3/3 - y**2/2 - y + 21. What is k(2)?
13
Let s = -7 + 10. Let v(r) = -4*r + 4. Let z be v(s). Let q = 11 + z. Let a(y) = y**3 - 4*y**2 + 2*y + 2. Calculate a(q).
-1
Let a(w) = w**2 - 4*w - 1. Let o = -4 + 3. Suppose k + 2 = 6. Let u = o + k. Calculate a(u).
-4
Let d(g) = g + 3. Let p(s) = -2*s - 4. Let a(v) = -3*d(v) - 2*p(v). Give a(-5).
-6
Suppose -10*l + 6*l = 0. Suppose -d = -l*d - 2. Let c(r) = r**2 - 6*r**2 - r**3 + r + 5*r**2 + 2 + 3*r**d. Determine c(2).
8
Let p(o) be the third derivative of -o**6/180 + o**5/120 + 7*o**3/6 + 5*o**2. Let z(y) be the first derivative of p(y). Let u = -2 + 3. What is z(u)?
-1
Let s = -11 + 9. Let y(n) = -4*n**2 + n + 2*n**2 - n**3 + n**2. Give y(s).
2
Suppose 0*x - 30 = 6*x. Let z(t) be the third derivative of -t**4/8 - t**3/2 + t**2. Give z(x).
12
Let n(t) = -t + 5. Let l be n(4). Let u = 2 + l. Let a(g) = -g + 1. Give a(u).
-2
Let g(z) = -2*z + 3*z + 1 - 7. Let m = 18 - 18. What is g(m)?
-6
Let p(l) be the third derivative of l**5/15 - l**4/24 - l**3/2 - 2*l**2. Let b(a) = a**2 - a. Let u(i) = -5*b(i) + p(i). Give u(4).
-3
Suppose 0 = -2*g - 0*g + 14. Let x(v) = -1 + 2*v**2 + 0*v**2 - v**2 - g*v**3. Suppose 0 = -3*j - 2*h + 1, -2*j = j - h - 4. What is x(j)?
-7
Let w(g) = g**2 + 3*g - 1. Suppose 5*s = 10, 3*f - 4*s = s + 2. Suppose -3*i + f = -4*i. Determine w(i).
3
Let g(j) = 1. Let k(i) = -7*i - 2. Let m(f) = 6*f + 2. Let r(u) = 5*k(u) + 6*m(u). Let p(x) = 3*g(x) - r(x). Let z = 0 - 0. Give p(z).
1
Let w(i) be the first derivative of -3*i - 1/2*i**2 - 2. Determine w(-3).
0
Let j be (-5)/(5/(-2)) - 1. Let w(l) = 2*l + 1. Give w(j).
3
Let o(z) = z**3 + z + 4. Let c = 1 - 1. Let f(n) = n**3 + 3*n**2 - 4*n + 3. Let g be f(-4). Suppose c = -0*h + g*h. Calculate o(h).
4
Let a be (-3)/6 - (-5)/(-2). Let n be 14/(-4) + a/(-6). Let x(c) = c - 4. Give x(n).
-7
Let z = -46 + 53. Let r(i) = -i + 6. Determine r(z).
-1
Suppose -t = 2*r - 3 - 1, 5*r = 4*t - 16. Let x be (4/6 + r)*3. Let g(j) = -j**3 + j + 2. What is g(x)?
-4
Let d(j) = j**3 - j - 1. Let h(l) = -4*l**3 - 5*l**2 + 2*l - 2. Let r(c) = -5*d(c) - h(c). Calculate r(5).
22
Let h(t) = -3*t**3 + 17*t**2 - 17*t - 32. Let v(g) = -g - 4*g**2 + g**3 - 2*g**2 + 11 + 7*g. Let w(q) = 6*h(q) + 17*v(q). Suppose 55*i - 50*i = 0. Give w(i).
-5
Let q = 14 - 14. Suppose q = 3*g - 5*g + 6. Let t(a) = -a - 3*a + a**3 + 1 - a**2 + 0*a**3. What is t(g)?
7
Let y(o) be the first derivative of -o**2/2 + 2*o - 12. Calculate y(4).
-2
Let i be (-192)/(-30) - (-4)/(-10). Let p = 3 - i. Let z(k) be the second derivative of -k**5/20 - 5*k**4/12 - 2*k**3/3 - k. Calculate z(p).
-6
Suppose -3*d = -5*g + 36, 3*d = -3*g + 2 + 10. Suppose 0 = -2*u + u - g. Let h(p) = 2*p + 3. Determine h(u).
-9
Let n(o) = -o**2 - 5*o + 2. Let v be (-862)/(-22) + 4/(-22). Suppose 0*i + v = 3*i. Let q = -18 + i. What is n(q)?
2
Let l(r) = -2*r**3 - 2*r**3 + 1 + 3*r**3 - r**2 + 3*r**2 - r. What is l(2)?
-1
Let d(g) = -3 + 2*g**2 - g**2 - 6 + 2 + 2*g. Let c(a) = -4*a**2 - 2*a + 1. Let l be c(1). Calculate d(l).
8
Suppose 0 = 5*o - 4*p - 1 + 12, 3*o - 2*p + 5 = 0. Let g(z) be the second derivative of z**3/3 + z**2/2 - 2*z. What is g(o)?
3
Let s(a) = a**3 + 4*a**2 - 3*a + 5. Suppose 5*y = 2*p - 0*y + 15, 5*y - 5 = 0. What is s(p)?
-5
Let d(v) = -3*v**2 + v - 6. Let k(a) = -2*a**2 + a - 7. Let f(r) = 3*d(r) - 4*k(r). What is f(0)?
10
Let f be (-5)/5 - (-8 + 2 - -4). Let j(g) = g - 1. Give j(f).
0
Let z(s) = -s**3 - 9. Suppose 0 = -5*j - 3*o - 15, -4*o = -0*j - 4*j + 20. What is z(j)?
-9
Suppose -a = a + 6. Let z = 5 + a. Suppose 0*d + 6 = -z*d. Let t(b) = -b**2 - 3*b - 4. Determine t(d).
-4
Let d be (-21)/7 + 2*-1. Let s(f) = -f**2 - 5 + 2*f**2 - 2 + 3*f. What is s(d)?
3
Let l(u) be the second